 199*p - 198*p. Suppose 3*f - 258 = p*x, 4*x - 236 - 68 = -4*f. What is the highest common divisor of f and 18?
9
Let l(n) = 2*n**2 - 20*n - 368. Let g be l(-12). Suppose 0 = -11*m + 7*m + 512. Calculate the greatest common divisor of m and g.
32
Let j be 12560/(-32) + (-1)/2. Let r = j - -857. What is the greatest common factor of r and 58?
58
Let o(v) = -3*v - 1. Let t be o(-4). Let z(i) = -27*i - 532. Let m be z(-25). What is the highest common divisor of m and t?
11
Let a = 72 + -63. Let k = 699 - 366. Calculate the highest common factor of k and a.
9
Let z(o) = 257*o**2 - 168*o - 338. Let n be z(-2). What is the highest common divisor of n and 456?
114
Let x be 0/(6/(-2)) - -13. Let v = 12 - 29. Let m = 56 + v. What is the highest common factor of x and m?
13
Let j = 204 + -199. Suppose -j*o + 77 = 2. Calculate the greatest common divisor of o and 705.
15
Let p(r) = 22*r + 32. Let o be p(-6). Let z = 105 + o. Let k = 2 + -1. What is the highest common divisor of k and z?
1
Suppose 7*k - 3232 = -341. Let v = k - 412. What is the highest common factor of v and 25?
1
Let d = -88 + -90. Let u = d + 216. Calculate the greatest common factor of u and 304.
38
Suppose 2*u + 4*r - 77 = 287, 4*u + 3*r - 703 = 0. Suppose u*f - 156*f = 1760. What is the highest common factor of f and 88?
22
Let r(y) = 4*y. Let a be r(2). Let l = -228 + 230. Suppose 7 = -4*c + 11, -l*w + 1 = -c. Calculate the greatest common divisor of w and a.
1
Suppose 51 = 5*m + 1. Suppose -f = f - 44. Suppose 2*q + 80 - f = 2*s, 0 = -2*q - 8. What is the highest common factor of s and m?
5
Let a be ((-20)/(-170) - (-6855)/(-34))*-6. Calculate the greatest common factor of 558 and a.
93
Suppose -10*b = 69*b - 988 + 40. What is the greatest common divisor of b and 585?
3
Suppose 0 = -292*j + 296*j + 14*m + 2, -4*j - 2*m + 34 = 0. Suppose 0 = -3*q + 4*q - 100. What is the highest common divisor of q and j?
10
Let n be (-5)/20*278*6/(-1). Suppose -12*u + 723 = -n. Suppose 0 = 3*v - 31 - 26. What is the highest common divisor of u and v?
19
Suppose 58*y - 60*y + 10339 = 209*y. What is the highest common divisor of y and 17493?
49
Suppose -10 = 3*y - 142. Let p(k) = 310*k + 1561. Let n be p(-5). Calculate the greatest common factor of n and y.
11
Let n be ((-5)/(-2))/(11*(-25)/(-6820)). What is the highest common divisor of n and 1457?
31
Suppose 3*t - 5*i = 4010 - 146, -2*i = -3*t + 3864. What is the greatest common factor of 392 and t?
56
Suppose 55*c = 72*c - 4*h - 118470, -h = -c + 6965. What is the greatest common factor of 136 and c?
34
Let y(f) = 109*f - 14. Let p be y(2). Suppose -2*x = -4*m - 92, -x - x + 82 = -2*m. What is the greatest common factor of p and x?
12
Let z be (((-220)/8)/(-5))/(2/12). Let a = z - 29. Let x = 5 - 4. Calculate the highest common divisor of a and x.
1
Let s = 18064 + -18052. Let b(c) = -3*c + 6. Let x be b(-12). Calculate the highest common factor of x and s.
6
Let a(l) = -2*l + 6. Let x be a(-6). Let o = 105 - 102. Suppose 2*z - 358 = -7*n + 3*n, -n + 87 = o*z. Calculate the greatest common factor of n and x.
18
Suppose -4*w = -3*c + 34569, -4661 = -3*c - 5*w + 29854. Calculate the highest common factor of 235 and c.
235
Suppose -2*u + 10 = -4*k, 0*k - 4 = 4*k. Suppose -z - u*z - 156 = 0. Let l = 93 + z. What is the greatest common divisor of 36 and l?
18
Let r(y) = 283*y + 1978. Let v be r(5). Calculate the greatest common divisor of v and 6409.
377
Let q = -3534 - -3604. Calculate the highest common factor of q and 720.
10
Let g = 61 + -64. Let c be -3 - g/6*10. Let k be 25*(1 - 6/10). What is the greatest common factor of c and k?
2
Suppose 3*t = -15*t + 288. Let s = -30 - 40. Let f = s - -150. What is the highest common factor of f and t?
16
Let c = 4487 - 646. What is the greatest common divisor of 69 and c?
23
Suppose 122*g - 13203 = 73*g - 114*g. Calculate the greatest common divisor of 5076 and g.
27
Let y = -4836 - -4957. Calculate the highest common factor of 1111 and y.
11
Let r = 62 - 44. Let y be (415/45 - 4/r)*3. Suppose -3*m - y = -4*m. What is the greatest common factor of m and 216?
27
Suppose 5*c = -962*l + 966*l + 284, 0 = 3*c - 2*l - 170. Calculate the highest common factor of c and 11088.
56
Let u = 29 + -17. Suppose 0 = -408*t + 436*t - 672. What is the highest common factor of t and u?
12
Let v(i) be the first derivative of -i**2 + 19. Let c be v(-9). Let k be 56/6 + (-8)/24. What is the highest common factor of c and k?
9
Suppose 15 = -5*y - f, -3*f = 5*y - 6*f - 5. Let s be ((-62)/(-4))/(y/(-28)). What is the greatest common divisor of s and 31?
31
Suppose -5*r = -5*p - 4921 + 17301, -p + 2501 = 4*r. Let i be (20/(-6))/(-5) - p/9. Let f = i - -509. Calculate the highest common divisor of 26 and f.
26
Suppose m - 558 = -6*w + w, -5*w - 4*m + 552 = 0. What is the greatest common divisor of 3388 and w?
28
Suppose 18*t + 14 = 11*t. Let i be (t/(-3)*2)/((-1)/(-90)). Calculate the greatest common divisor of 80 and i.
40
Let u(i) = 9*i**2 + 7*i - 6. Let r be u(3). Suppose 7*w - 10*w = -r. Suppose -2*a + 114 - 18 = 0. Calculate the highest common divisor of a and w.
16
Let u be 9/(-6)*2*(-1)/1. Suppose 0 = 2*m + u*m - 10. Suppose 18 = y + m*y. What is the greatest common divisor of y and 6?
6
Let b be 104 + -104 + -1 + 178. Calculate the greatest common divisor of 15045 and b.
177
Let m = -9 - -89. Suppose -128*i + 0*i + 106920 = 115*i. Calculate the greatest common divisor of m and i.
40
Suppose -7*c + 72 = -4*c. Let z = 54 - 51. Suppose z*i + 2*q = 510, 846 = 5*i + q + q. Calculate the greatest common divisor of i and c.
24
Let t(w) = 44*w + 156. Let i be t(-3). Calculate the greatest common factor of i and 618.
6
Suppose 2065 = 8*v + 5*m, -13*v + 14*v = -4*m + 248. What is the highest common divisor of 40 and v?
20
Let u(s) = -11*s - 56. Let p be (-56)/(-70) + 4/10*-17. Let k be u(p). Calculate the highest common factor of 40 and k.
10
Let x(n) = 73*n**2 - 57*n - 152. Let m be x(-3). What is the highest common factor of 572 and m?
52
Let m(q) = 2*q**3 + 28*q**2 - 27*q + 141. Let b be m(-15). What is the highest common divisor of b and 5424?
48
Suppose -231 - 69 = -3*q. Let p = 375 + -125. What is the greatest common factor of q and p?
50
Let v(g) be the first derivative of 55*g**2/2 - 6*g - 47. Let d be v(1). Calculate the highest common factor of 343 and d.
49
Let p(c) = -c**3 + 29*c**2 + 34*c + 36. Let r be (-1)/(-6) + (-179)/(-6). Let d be p(r). Calculate the greatest common factor of d and 104.
52
Suppose 5*q + 18 = -4*g, 2*g - q = 2*q + 2. Let k be (-81)/g + 2 - (-16)/(-32). Calculate the highest common factor of 147 and k.
21
Suppose -16*l = -21*l + 4*p + 4150, -4*p = 0. Let g = l - 615. What is the highest common divisor of 43 and g?
43
Let w = 741 + -1357. Let h be -1 + -1 + -1 + w/(-28). Let c(a) = -4*a + 10. Let b be c(-7). What is the highest common divisor of h and b?
19
Suppose 0 = 4*j + z - 51, -4*j + 8*z = 3*z - 57. Suppose 17*h - 38 = j. Let v be (-2)/3*-2*(h - 0). What is the greatest common divisor of 1 and v?
1
Let u(i) be the second derivative of i**4/12 + 13*i**3/6 + 3*i**2/2 + 14*i. Let l be u(-13). Let d = 19 - l. What is the greatest common factor of 112 and d?
16
Suppose -j = -5*m, 4*j + 0*m = 3*m + 17. Suppose 0*v - 3*k = -3*v + 129, j*k - 13 = -v. What is the highest common factor of 76 and v?
38
Let m be 16/(-72) + 22/18 + 0. Suppose -5*z + 151 - m = 0. Suppose -4*t + 3*u = -60, 4 = -0*u - u. What is the greatest common divisor of t and z?
6
Suppose 18*c - 1904 = 4*c. Let z = c - -31. Suppose 69 = 3*g + 4*j, 0 = -4*g - 2*j - 65 + z. What is the greatest common divisor of 3 and g?
3
Suppose -25*o + 27*o + 293 = y, 1433 = 5*y - 2*o. Calculate the highest common factor of y and 135.
15
Let m = 311 + -191. Let u = -230 + 275. What is the highest common divisor of u and m?
15
Let s(b) = 5*b**2 - 2*b - 3. Let i be s(-1). Let f be ((-192)/(-15) + i)*5. Calculate the highest common factor of f and 56.
28
Let i be (-837)/(-4) + (-2)/8. Suppose -4*l - 155 + 40 = -13*a, 23 = 4*a - 3*l. What is the highest common factor of a and i?
11
Let f(x) = 38*x - 22. Let o be f(3). Let i be 0/5 + -2 + (139 - -1). What is the highest common factor of i and o?
46
Let k be (8 - 10)/(2 + 11/(-5)). Let w = 0 + 12. Let j be 